e 518708?
False
Is 49 a factor of 9763236?
False
Is 355 a factor of 450140?
True
Is 232 a factor of 156049?
False
Is 38 a factor of 497572?
True
Is 420 a factor of 393084?
False
Does 580 divide 849700?
True
Is 85281 a multiple of 13?
False
Is 77 a factor of 1061368?
True
Is 10259165 a multiple of 42?
False
Is 652668 a multiple of 411?
True
Is 29175476 a multiple of 44?
True
Is 1161934 a multiple of 123?
False
Is 2702742 a multiple of 1421?
True
Is 17 a factor of 92990?
True
Is 18 a factor of 152025?
False
Does 57 divide 79002?
True
Is 507 a factor of 953602?
False
Is 134248 a multiple of 692?
True
Is 2 a factor of 31590?
True
Is 45448 a multiple of 52?
True
Is 4655332 a multiple of 124?
True
Is 328 a factor of 16154656?
True
Is 205286 a multiple of 69?
False
Does 66 divide 883761?
False
Is 430516 a multiple of 321?
False
Does 30 divide 4176120?
True
Does 24 divide 9790512?
True
Does 30 divide 3260987?
False
Does 182 divide 122118?
False
Is 8 a factor of 178292?
False
Does 5 divide 3596?
False
Is 229539 a multiple of 785?
False
Does 331 divide 878805?
True
Is 22 a factor of 191180?
True
Is 2558 a factor of 7397736?
True
Is 118 a factor of 1669464?
True
Is 189 a factor of 143368?
False
Is 65 a factor of 473589?
False
Does 763 divide 15836219?
False
Is 102 a factor of 773262?
True
Is 61059 a multiple of 375?
False
Is 107 a factor of 1457665?
False
Is 1654228 a multiple of 14?
False
Does 11 divide 5534415?
False
Is 63 a factor of 43029?
True
Is 8 a factor of 1364296?
True
Does 168 divide 24060120?
True
Does 35 divide 4270?
True
Is 1230 a factor of 28580839?
False
Does 11 divide 68585?
True
Is 10 a factor of 129240?
True
Does 357 divide 1294839?
True
Is 278721 a multiple of 422?
False
Is 1864011 a multiple of 113?
False
Is 250451 a multiple of 104?
False
Does 65 divide 55835?
True
Is 2757560 a multiple of 26?
True
Is 144 a factor of 964368?
True
Does 69 divide 134123?
False
Is 488748 a multiple of 39?
True
Is 170 a factor of 258060?
True
Is 20 a factor of 110880?
True
Is 135174 a multiple of 3?
True
Is 5 a factor of 30175?
True
Does 15 divide 1929483?
False
Does 17 divide 11075168?
False
Is 810 a factor of 1712340?
True
Is 29 a factor of 18328?
True
Is 2243903 a multiple of 23?
True
Is 13 a factor of 292786?
True
Is 79765 a multiple of 53?
True
Is 71 a factor of 13077?
False
Is 35855 a multiple of 36?
False
Does 5 divide 190411?
False
Does 32 divide 425152?
True
Does 352 divide 1481216?
True
Does 2 divide 874856?
True
Is 8301575 a multiple of 95?
True
Is 9490408 a multiple of 337?
False
Is 16 a factor of 5456528?
True
Is 10 a factor of 279209?
False
Is 6852950 a multiple of 811?
True
Is 695 a factor of 4874035?
True
Is 117242 a multiple of 36?
False
Does 264 divide 2184169?
False
Does 4 divide 153222?
False
Does 17 divide 1546660?
True
Is 2771426 a multiple of 59?
False
Does 20 divide 106820?
True
Is 41 a factor of 662663?
False
Does 137 divide 571029?
False
Is 5 a factor of 160900?
True
Is 152704 a multiple of 128?
True
Does 360 divide 544211?
False
Does 153 divide 501557?
False
Does 423 divide 308375?
False
Is 7962661 a multiple of 7?
True
Is 7704 a multiple of 4?
True
Is 305078 a multiple of 92?
False
Does 9 divide 456489?
True
Is 27 a factor of 4000266?
True
Does 6 divide 999753?
False
Does 211 divide 94739?
True
Is 5872470 a multiple of 43?
False
Does 490 divide 433225?
False
Does 158 divide 5007?
False
Does 797 divide 1115800?
True
Is 15 a factor of 8160?
True
Is 228085 a multiple of 319?
True
Is 397 a factor of 19678841?
False
Is 88 a factor of 3394072?
True
Is 109032 a multiple of 118?
True
Does 328 divide 4920?
True
Is 9720 a multiple of 243?
True
Is 39 a factor of 3762174?
True
Is 17 a factor of 2048988?
False
Is 618 a factor of 463232?
False
Is 424304 a multiple of 184?
True
Is 424 a factor of 444776?
True
Is 339530 a multiple of 38?
True
Is 97 a factor of 437276?
True
Is 38 a factor of 158135?
False
Does 5 divide 431795?
True
Is 18141810 a multiple of 15?
True
Is 28 a factor of 1141599?
False
Does 215 divide 79980?
True
Is 433 a factor of 179879?
False
Does 58 divide 38628?
True
Is 183 a factor of 827526?
True
Is 37 a factor of 712472?
True
Does 872 divide 612540?
False
Is 1162 a factor of 27150298?
False
Does 85 divide 59220?
False
Is 201405 a multiple of 29?
True
Is 11226308 a multiple of 956?
True
Is 276 a factor of 545652?
True
Is 68 a factor of 4722206?
False
Is 134514 a multiple of 94?
True
Is 236 a factor of 3490440?
True
Is 3 a factor of 461353?
False
Does 244 divide 2303927?
False
Does 212 divide 3265748?
False
Is 224540 a multiple of 103?
True
Is 18 a factor of 5618484?
True
Is 3875508 a multiple of 21?
True
Does 16 divide 114350?
False
Does 42 divide 2185578?
False
Is 47 a factor of 224271?
False
Is 110425 a multiple of 248?
False
Is 2459 a multiple of 12?
False
Does 31 divide 80025?
False
Is 649969 a multiple of 7?
False
Does 376 divide 5589240?
True
Is 25 a factor of 74262?
False
Does 54 divide 504252?
True
Is 9161713 a multiple of 9?
False
Is 427893 a multiple of 1333?
True
Is 339 a factor of 165432?
True
Is 10 a factor of 18431920?
True
Is 178059 a multiple of 53?
False
Is 410 a factor of 5185647?
False
Is 437 a factor of 826778?
False
Does 8 divide 44432?
True
Is 260940 a multiple of 60?
True
Does 25 divide 174697?
False
Does 306 divide 753775?
False
Does 3 divide 52980?
True
Does 1320 divide 6844200?
True
Does 175 divide 351575?
True
Does 793 divide 1763632?
True
Does 18 divide 3386214?
True
Is 3100585 a multiple of 21?
False
Is 14925344 a multiple of 112?
True
Is 5457333 a multiple of 249?
True
Is 668415 a multiple of 5?
True
Is 226 a factor of 715064?
True
Does 240 divide 207935?
False
Is 2153918 a multiple of 24?
False
Does 244 divide 1417586?
False
Does 5 divide 143620?
True
Does 63 divide 2875761?
True
Does 4 divide 4070?
False
Does 46 divide 833354?
False
Is 242900 a multiple of 25?
True
Does 275 divide 2272050?
True
Is 7005453 a multiple of 764?
False
Is 282430 a multiple of 26?
False
Does 5 divide 1054245?
True
Does 13 divide 116662?
True
Does 33 divide 156618?
True
Does 234 divide 728472?
False
Is 261 a factor of 53644?
False
Is 310 a factor of 639840?
True
Is 688209 a multiple of 101?
False
Is 2424950 a multiple of 25?
True
Does 491 divide 18115?
False
Is 235 a factor of 235?
True
Does 47 divide 27147?
False
Does 5 divide 3869278?
False
Is 772 a factor of 21374364?
True
Does 4 divide 112046?
False
Is 158363 a multiple of 22?
False
Is 11397194 a multiple of 590?
False
Does 9 divide 16731?
True
Does 31 divide 3115971?
False
Is 9 a factor of 99796?
False
Is 139 a factor of 1970568?
False
Is 296377 a multiple of 3?
False
Does 1138 divide 12396006?
False
Is 278199 a multiple of 9?
True
Does 16 divide 237832?
False
Is 435 a factor of 4991990?
False
Does 17 divide 458283?
False
Is 4186372 a multiple of 167?
False
Does 196 divide 860244?
True
Is 394086 a multiple of 11?
True
Is 147090 a multiple of 15?
True
Does 255 divide 442818?
False
Does 342 divide 92340?
True
Does 16 divide 223296?
True
Does 365 divide 218918?
False
Is 723800 a multiple of 10?
True
Does 11 divide 2140037?
False
Is 12 a factor of 76584?
True
Does 15 divide 548214?
False
Is 100 a factor of 666000?
True
Does 17 divide 579891?
False
Does 55 divide 3166845?
True
Is 304440 a multiple of 15?
True
Is 1750485 a multiple of 103?
True
Is 32 a factor of 1019490?
False
Is 10 a factor of 276630?
True
Is 19582920 a multiple of 9?
True
Is 3064050 a multiple of 165?
True
Is 70 a factor of 1131209?
False
Does 3 divide 743483?
False
Is 29 a factor of 1112353?
True
Is 33 a factor of 1501335?
True
Is 1672784 a multiple of 8?
True
Is 2124915 a multiple of 65?
True
Is 176292 a multiple of 196?
False
Is 105 a factor of 51030?
True
Is 3644868 a multiple of 17?
True
Is 1023328 a multiple of 113?
True
Does 273 divide 2625168?
True
Does 56 divide 1524936?
True
Is 141621 a multiple of 4?
False
Is 4058872 a multiple of 108?
False
Does 403 divide 260741?
True
Is 59 a factor of 27448?
False
Is 27050 a multiple of 541?
True
Is 221468 a multiple of 13?
True
Does 45 divide 5282006?
False
Does 5 divide 7158?
False
Is 7763362 a multiple of 403?
False
Is 294354 a multiple of 237?
True
Is 9 a factor of 166059?
True
Is 22 a factor of 9077685?
False
Does 11 divide 109967?
True
Is 1